pose -4*j - 12 = -2*j. Let h = w + j. Give c(h).
1
Let q(b) = -3 + b - 4*b - 7*b. Let j = 9 + -16. Let l(d) = 7*d + 2. Let k(y) = j*l(y) - 5*q(y). What is k(-6)?
-5
Let a = 6 + -2. Suppose -2 = -a*n + 6. Let o(s) = 3*s**3 - 1 - 4*s**3 + s**2 + 2*s + s**2. Give o(n).
3
Let m(s) = -s - 1. Let n be m(3). Suppose 0 = 3*i - 14 - 7. Let f = n + i. Let z(d) = d**2 - d + 2. Determine z(f).
8
Let b(q) = 34*q - 14. Let o(s) = 7*s - 3. Let f(c) = -3*b(c) + 14*o(c). Calculate f(3).
-12
Suppose 5*f + 58 = -4*r, -60 = 5*f + 5*r - 0*r. Let q(n) = -n**2 - 9*n + 6. Determine q(f).
-4
Let f(k) be the third derivative of -k**5/60 - k**4/8 + k**3/3 + 13*k**2. Calculate f(-5).
-8
Let z(q) = -23 + 24 + q - 2*q + q**3 - q**2. Let p(m) = -5*m**3 + 4*m**2 + 6*m - 5. Let l(v) = -p(v) - 4*z(v). What is l(-2)?
-3
Let j(h) be the second derivative of -h**3/6 + 9*h**2 + 4*h + 8. What is j(0)?
18
Let g(q) = -q**2 - 4*q + 7. Suppose -3*p + 0 - 15 = 0. Let n be g(p). Let f(z) = -2*z + 0*z**n - z**2 - 4*z. Calculate f(-5).
5
Let s(k) = -k**2 - 5*k - 2. Let p be 6/2*(0 + -1). Let x be s(p). Let g(t) = 0 + t**2 + 1 - 5*t + 2 + 2. Determine g(x).
1
Let p(s) = 2*s - 1. Let u be (-6)/(-21) + ((-207)/(-21))/(-3). What is p(u)?
-7
Let y = 5 + -3. Let m(p) = -y*p - 4 + 4*p + p**2 + p**2. Give m(-3).
8
Suppose 5*d = 3*s + 8, -4*s - 4*d - 20 = -6*d. Let g be (s/4)/((-36)/(-96)). Let y(u) = u**3 + 3*u**2 - 5*u + 3. What is y(g)?
7
Let f(t) = t - 2*t**2 + 3 - 3. Let y = 3 + -1. Let v be (-2 + y + -2)/2. Determine f(v).
-3
Let j(p) = -p**2. Let r be -1 - ((-2 - 0) + 1). Suppose 5*i + 35 = 5*k, -4*k = 3*i - r - 14. Calculate j(i).
-4
Let g(z) = z**3 + 2*z**2 - 4*z + 1. Suppose -2 = -2*l - 5*a + 4, l - 3 = -5*a. Suppose j + l*j = -12. Calculate g(j).
4
Let y = 28 + -6. Let u(v) = -4*v + 8. Let z(s) = -s + 2. Let r(f) = y*z(f) - 6*u(f). Determine r(3).
2
Let n(s) = 28*s - 75*s + 21*s - s**2 + 23*s. Calculate n(-4).
-4
Let u(w) be the first derivative of -w**3/6 - w**2/2 - 4*w - 3. Let o(m) be the first derivative of u(m). What is o(4)?
-5
Suppose -5*o - 30 = -5. Let k(z) = z + 3. Determine k(o).
-2
Let u(a) = -a**3 - 3*a**2 + a + 3. Suppose 0 = 2*f - 5*c - 14, -2*f = -3*f + 3*c + 9. What is u(f)?
0
Let z(f) be the first derivative of -f**3/3 - 3*f**2 - 2*f - 10. What is z(-4)?
6
Let x = 41 + -26. Suppose -2*a - 3*a = x. Let h(n) = -11*n + 17*n + 3 - 3*n - 1. Determine h(a).
-7
Let a(s) = s - 1. Let f(k) = -6*k + 7. Let j(p) = -4*a(p) - f(p). What is j(3)?
3
Let h(p) be the third derivative of 0 + 0*p - 6*p**2 + 1/6*p**4 + 1/6*p**3. Give h(2).
9
Let p(s) be the third derivative of -s**6/120 - s**5/15 - s**4/12 + s**3/3 + 6*s**2. What is p(-2)?
-2
Let j(w) = -w - 5. Let r be j(-7). Let y(d) = -d**2 + 4 - 5 + d**3 + 2*d + 0*d**2 - 4*d**r. Calculate y(5).
9
Suppose -58 - 32 = -3*i. Suppose -4*g - i = -9*g. Let n(w) = -w**3 + 6*w**2 - w + 6. Calculate n(g).
0
Let i(a) = 2*a - 2. Let z(l) = l**2 - 3*l + 4. Let n be z(3). Suppose 0 = -5*s + 24 - n. Suppose -u = s*u + 10. Give i(u).
-6
Let n(m) = 3*m - 3. Let a(c) = -3*c - 1. Let z be a(-1). Let q(l) = 11*l - 13. Let b(g) = z*q(g) - 9*n(g). Suppose 0*i + 3 = -3*i. Determine b(i).
6
Let z(o) = 2*o - 3. Let d(m) = 2*m - 2. Let f(j) = j - 1. Let c(g) = -5*d(g) + 12*f(g). Let y be (-1 + 4)*(-3 - -2). Let s(k) = y*z(k) + 4*c(k). What is s(-1)?
-1
Let f(s) = s - 12. Let t(o) = 1. Let u(c) = f(c) + 6*t(c). What is u(7)?
1
Let t(v) = -v - 1. Let c(w) = w**2 + w - 2. Let z(u) = c(u) - 5*t(u). Calculate z(-5).
-2
Let o = -2 + 8. Let y(u) = -3*u + 44. Let c(s) = s - 15. Let n(x) = -17*c(x) - 6*y(x). Give n(o).
-3
Let n(p) be the second derivative of 1/3*p**3 - p**2 + 0 + 2*p. What is n(2)?
2
Let h(f) = 4*f**2 - f + 6. Suppose 0*s + 14 = 2*s. Let z(c) = -9*c**2 + c - 13. Let o(a) = s*h(a) + 3*z(a). Give o(3).
0
Suppose 4*z + 4 = 0, 5 = 2*n - 3*z - 8. Suppose 6*s = s. Suppose n*b - 5 = -s. Let t(v) = -3*v. What is t(b)?
-3
Let t = 3 + -5. Let k(a) = 24. Let n(m) = -1. Let c(q) = t*k(q) - 44*n(q). Let f(d) = d + 1. Let i(r) = -2*c(r) - 2*f(r). What is i(5)?
-4
Let n = 51 - 57. Let h(s) = s**2 + 7*s - 4. Give h(n).
-10
Let q(v) be the first derivative of -v**4/4 + 7*v**3/3 - 7*v**2/2 + 7*v + 23. What is q(6)?
1
Let i(h) be the first derivative of -h**5/15 - h**3 + 5. Let t(y) be the third derivative of i(y). Determine t(1).
-8
Let b be (-63)/(-6)*(-2)/3. Let r be -1 + 1 - (0 + -4). Let z = r + b. Let t(h) = h**3 + 3*h**2 - h + 1. Give t(z).
4
Let h(v) = 6*v**2 + 10 - 6 - 2*v**3 - 2*v**2 + v**3 + v. Give h(4).
8
Suppose -4*o + 3*h = -1 - 16, -3*o + 5*h + 21 = 0. Let u(v) = 4*v - o - 3*v**2 + 2*v**2 - 5*v. Calculate u(-2).
-4
Let c be 6/(-27) - 20/(-9). Let t be (-1 - c)/((-18)/(-24)). Let h(u) = -2*u - 5. Give h(t).
3
Suppose 2 = -4*z - 2. Let u be -2 - 0 - (-9)/3. Let g = z - u. Let p(k) = k - 2. What is p(g)?
-4
Let m(d) = d**2. Let n(h) = 8*h**2 - 7*h + 7. Let y(x) = 6*m(x) - n(x). What is y(5)?
-22
Let n(p) = -2*p**2 + p + 1. Suppose -4*z + 1 = -3. Let r = -1 - z. Let w be (r/4)/1*-4. Calculate n(w).
-5
Let g = 22 + -13. Suppose -3*w - g = -3. Let s(c) = -c**2 - 4*c + 1. Determine s(w).
5
Let n = 65 + -68. Let o(y) = -y**2 - 7*y - 2. What is o(n)?
10
Let p be 10/3 - 2/(-3). Let j(o) = -o**3 - 2 - o**2 + 2*o**2 - p*o**2 - o + 2*o**2. What is j(-2)?
4
Let b(x) = -3*x - 2. Suppose 5*v - 3*a + 7*a = 12, v - 2 = -a. Let k(u) = -2*u - 1. Let r(j) = v*k(j) - 3*b(j). Give r(3).
5
Let d(y) = 3*y**3 + y**2 + 2*y. Let r(l) = l**3 - l**2 - l. Let i(k) = d(k) - 2*r(k). Give i(-3).
-12
Let f(i) be the second derivative of i**3/6 - 5*i**2/2 - i. Suppose 0 = -2*p + 19 + 41. Suppose 14 = -2*z - 0*b - 4*b, 5*z - p = 3*b. Determine f(z).
-2
Let o(r) = -2*r**2 - 4*r - 1. Let c = 18 + -22. Calculate o(c).
-17
Let d(w) = 3*w**3 - 3*w**2 + 8*w + 13. Let g(c) = c**3 + c**2 + c + 1. Let o(u) = -d(u) + 4*g(u). Calculate o(-7).
19
Let i(x) = x**3 + 4*x**2 + 3*x + 1. Let p be 2/1*6/4. Let l be -5*3/6*2. Let g = p + l. Calculate i(g).
3
Let z(w) = -w - 4*w - 207 + w**2 + 209. What is z(3)?
-4
Let v be (4/(-6))/(2/(-3)). Let u(d) = 4*d. Let x(r) be the second derivative of r**3/6 - r**2/2 - 2*r. Let t(j) = v*x(j) + u(j). What is t(-1)?
-6
Suppose 0 = -5*f, l = -3*l + 5*f + 8. Let q(o) = 3 + 0*o**2 + 2*o**l - 4*o + 0*o**2 - 5*o**2 + o**3. What is q(4)?
3
Let x(p) be the third derivative of p**7/2520 - p**6/180 + p**5/40 - 7*p**4/24 - 8*p**2. Let z(u) be the second derivative of x(u). Calculate z(4).
3
Let c be 4/(-14) + (-94)/14. Let f = c - -5. Let a(s) = -s**3 - 3*s**2 + 1. Give a(f).
-3
Let c(j) = -j + 6. Let l = -18 - -21. What is c(l)?
3
Let l(t) = t**3 - 3*t**2 - t - 4. Let z(u) be the first derivative of u**4/2 + 2*u**3/3 - u**2/2 - 7. Let b be z(1). Determine l(b).
-7
Suppose -2*g + 14 = 5*i - 10, -5*g - i + 14 = 0. Suppose -g = 2*u - 12. Let l(z) = -3*z - 8. Let c(r) = -4*r - 9. Let a(p) = 5*c(p) - 6*l(p). Give a(u).
-7
Suppose -3*i - 4*c + 0*c + 11 = 0, 5*c - 10 = 0. Let w(g) = -7*g + 1. Give w(i).
-6
Let y be 5/(15/(-18)*-3). Suppose -4*f = 10 + y. Let u(a) = -a**2 - 2*a + 3. Calculate u(f).
0
Let k(v) = 2*v**3 + 2*v**3 - 5*v - 2 - 6*v**2 - 5*v**3. Suppose -2*a - 6 = a. Let p be (2/(-4))/(a/(-20)). Calculate k(p).
-2
Let n be (4/(-16))/((-3)/36). Let h(f) = 7 - f**n - 6 + 0*f**3 + f. What is h(-1)?
1
Let f(d) = -2*d**2 - 2*d + 2. Let o be 2 - 5 - (-3 - -6). Let r = 4 + o. What is f(r)?
-2
Let l = 141 + -1691/12. Let d(k) be the second derivative of 2/3*k**3 + 3/2*k**2 - l*k**4 - 2*k + 0. Determine d(4).
3
Let s = 2 + 3. Let u(r) be the first derivative of r**3/3 - 2*r**2 + r + 9. Give u(s).
6
Let r(b) = -7 - b - 3*b - 6 + 9. What is r(-3)?
8
Let w(m) = -5*m**2 - 6*m - 12. Let k(y) = 4*y**2 + 6*y + 11. Let t(f) = 4*k(f) + 3*w(f). Let a(j) = j**2 + 5*j + 7. Let s(q) = -4*a(q) + 3*t(q). What is s(-3)?
-7
Let v(x) = x**2 + x + 3. Suppose 6*d - 4 = d + s, 5 = 3*d + 2*s. Let z = 1 - d. Calculate v(z).
3
Suppose 0*g + 5*g - 10 = 0. Let m be g - 0/(2/2). Suppose -4*n - m*h = -h - 14, -2*n + 14 = 4*h. Let v(z) = -z**3 + 4*z**2 - z - 2. What is v(n)?
4
Let v = 6 - 1. Let j(m) = 5*m + 6. Let d(l) = -9*l - 12. Let z(f) = -4*d(f) - 7*j(f). Give z(v).
11
Suppose 0*o = -o - 4*b - 19, -b = 4. Let t(u) = u + 1. Give t(o).
-2
Suppose 6*f = 9*f - 15. Let l(y) be the third derivative of y**4/12 -